 be 3/(2*(-2)/8). Let x(n) = n**3 + 3*n - 3*n**2 + 13*n**2 - 6 - 4*n. Let a be x(b). What is the greatest common factor of a and 16?
16
Suppose 3*z + z - 320 = -5*b, 3*z = 4*b - 225. What is the greatest common factor of 20 and b?
20
Let k = -2 - -3. Let x = 19 - k. Let n = x + -7. Calculate the greatest common factor of 88 and n.
11
Let q(u) = -4*u. Let f be q(-9). Calculate the highest common factor of f and 36.
36
Suppose h + h - 44 = -4*i, 0 = i - 2. What is the greatest common factor of h and 90?
18
Let b(a) = a**2 - 22*a + 54. Let h be b(20). Calculate the highest common factor of h and 56.
14
Let m be 4 + -1 - (0 + -4). What is the greatest common factor of m and 1?
1
Let i(c) = -14*c + 2. Let t be i(-5). What is the greatest common divisor of 18 and t?
18
Let y be ((-56)/(-6))/((-21)/9 - -3). What is the highest common divisor of y and 21?
7
Suppose n - 4*y - 12 = -2*y, 5*y + 80 = 5*n. Calculate the highest common divisor of n and 40.
20
Let l = 171 + -72. Let n(r) = -r**3 - r**2 + r + 11. Let a be n(0). What is the highest common factor of l and a?
11
Suppose 148 = 3*g + 2*h, -3*g + 5 + 108 = -5*h. Suppose -5*w + g = -4*t, 2*w - 29 = 3*t - 5. What is the highest common factor of 12 and w?
6
Let h be (30/(-4))/(2/(-20)). What is the greatest common factor of h and 30?
15
Let z = -21 + 45. Calculate the highest common divisor of 12 and z.
12
Let d(c) = c + 3. Let u be d(4). Let m = -1 + 1. Suppose m = u*h - 3*h - 128. What is the greatest common factor of h and 16?
16
Let k = -6 - -14. Suppose 4*n - 3*l + 8 + 1 = 0, -5*n - 16 = l. Let o be n/(-12) + 86/k. Calculate the highest common factor of o and 44.
11
Let f(n) = 10*n + 5 - 1 + 0*n. Let l be f(4). Suppose 7*k - 3*k - l = 0. What is the greatest common divisor of k and 1?
1
Let q be (-2)/14 + (-1477)/(-49). What is the highest common divisor of q and 12?
6
Let t be (-21)/(-7) + (-2 - -1). Calculate the greatest common factor of 8 and t.
2
Let h be (1 - 3)*4*16. Suppose -o + 2 = 4. Let l be h/(-3) - o/(-3). Calculate the greatest common factor of l and 7.
7
Let o(d) = -d**3 - 10*d**2 - 12*d - 5. Let y = 13 + -23. Let l be o(y). Calculate the highest common divisor of l and 23.
23
Let v(b) be the second derivative of b**4/6 - 7*b**3/6 + 3*b**2 - 3*b. Let a be v(4). What is the highest common factor of a and 110?
10
Let j(v) = -5*v - 4. Let i be j(-4). Let c = 4 + -6. Let t be 81 + (-1 - -2) + c. What is the highest common divisor of t and i?
16
Let k = 10 + 10. What is the greatest common divisor of 30 and k?
10
Let j = 13 - -19. What is the highest common factor of j and 8?
8
Let m(f) = f**2 - 8*f - 30. Let k = 38 - 25. Let b be m(k). Calculate the greatest common factor of 5 and b.
5
Suppose -d - 4*q - 12 = 0, -7*d + q + 29 = -4*d. What is the greatest common divisor of 152 and d?
8
Suppose -2*k - 4*b - 8 = -5*k, 4*b + 36 = -4*k. Let c = k + 16. Let p(n) = 6*n**2 - 4*n + 2. Let q be p(2). Calculate the greatest common factor of c and q.
6
Suppose 0 = 16*o - 12*o - 68. What is the greatest common divisor of 17 and o?
17
Let l be (-3)/((-2)/(8 + 2)). Calculate the greatest common divisor of l and 45.
15
Let h be 16/20 - (-4113)/15. What is the highest common factor of h and 25?
25
Suppose 0 = -4*k - 5*v - 9 - 7, 2*k = 2*v + 10. Let o be k - 1*(-1 + 0). What is the highest common factor of 2 and o?
2
Suppose 3*x = x + 72. Calculate the highest common divisor of 9 and x.
9
Let s = 3 - -162. Suppose -3 = 5*b - 23. Suppose 0 = b*w - 0*w + 5*r - 60, -5*w = 2*r - 75. What is the highest common divisor of w and s?
15
Let k be (-80)/(-6)*42/5. Let r(m) = 2*m**2 + 3*m + 1. Let w be r(3). Calculate the highest common divisor of k and w.
28
Let p be (-10 + -1)/(1/(-2)). Suppose -a = a - y - p, -y = 5*a - 41. Suppose 0 = 3*u + 8 - 62. What is the greatest common factor of u and a?
9
Let r = 1 + 17. Let x be 1*2/4*4. Suppose -x*m + v + 2 = -v, 2*v = -4*m + 10. Calculate the highest common factor of m and r.
2
Let m(z) = -z**3 + 9*z**2 + z + 1. Let b be m(9). Let x be (-3)/(2 - (-574)/(-284)). Suppose 0 = 3*h - x - 98. Calculate the greatest common factor of h and b.
10
Suppose -5*i + 4*q = -11, i - 34 + 15 = 5*q. Let m be i/1 - (-2 + -62). Calculate the highest common factor of 9 and m.
9
Let a(i) = -i - 2. Let m be a(-5). Suppose -60 = -m*w + 30. Calculate the highest common divisor of w and 20.
10
Let s(c) = 16*c - 20. Let x be s(8). Let b = -56 + 38. Let u = x + b. What is the highest common factor of u and 10?
10
Let b be ((-2)/5)/(11/(-55)). What is the highest common factor of 16 and b?
2
Let y be 30/105 - (2 + 4952/(-14)). Calculate the greatest common factor of 32 and y.
32
Suppose -2*d - 3*n = -30, 5*n = 5*d - 18 - 7. Suppose 3*p - 10*p + 315 = 0. Calculate the greatest common divisor of p and d.
9
Let q(x) = -31*x - 3. Suppose -4*b - s - 21 = 0, -4 = b + 4*s + 5. Let i be q(b). Suppose -60 = -5*c + 35. What is the greatest common factor of i and c?
19
Let w = 15 - 11. Calculate the greatest common factor of 20 and w.
4
Let q(b) = 118*b**3 - b**2 - b + 1. Let c be q(1). Let z = 12 + 1. Calculate the greatest common divisor of c and z.
13
Let l(j) = -j**2 - j. Let n(k) = -k**3 + 3*k**2 - 9*k + 6. Let f(s) = -5*l(s) + n(s). Let u be f(7). What is the highest common factor of 3 and u?
3
Let x be 5 + 1 + -3 + 1. Suppose -x*k + 1 + 7 = 0. Suppose g + 4*g = -3*c + 122, 3*g - k*c = 77. What is the highest common factor of 10 and g?
5
Suppose n - 10 = -0*n. Let i be ((-18)/n)/(6/(-20)). What is the highest common divisor of i and 4?
2
Let n = 21 - 13. Calculate the greatest common factor of n and 16.
8
Suppose 0 = -5*i + i - 12. Let z be 0 + (6 - 1) - i. What is the greatest common divisor of 40 and z?
8
Let n(l) = l**2 + 7*l - 4. Let m be (5*2 + -2)*-1. Let f be n(m). Suppose 5*c = 4*y + y + 130, -c = 2*y - 20. Calculate the greatest common factor of f and c.
4
Suppose 0 = -2*f - 131 + 451. Let j(a) = a**2 - a + 20. Let r be j(0). What is the highest common divisor of r and f?
20
Suppose i = 0, 0 = 4*q - 2*i - 3*i - 4. Suppose 4 = g + 1, 0 = -c - 2*g + 7. Calculate the greatest common factor of q and c.
1
Suppose o + o + 44 = 0. Let j be (4/6)/(o/(-495)). What is the highest common factor of j and 30?
15
Suppose 11 = 4*d - g, -2*d = 3*g - 12 + 3. Suppose -d*a + 93 - 273 = 0. Let j = a - -84. Calculate the greatest common factor of 16 and j.
8
Suppose -d - 4*u - 1 = 4, 6 = -2*d - 4*u. Let p be 0 - (60 - (d - 1)). Let f = 110 + p. Calculate the highest common divisor of f and 16.
16
Let v be ((-297)/9)/(6/(-10)). What is the highest common divisor of v and 11?
11
Let l be (-2)/1 - (-3 - 3). Suppose 0 = l*w - 3*w - 20. What is the greatest common factor of w and 60?
20
Suppose 14 = 3*a - 4. Let i = 25 - 10. Calculate the greatest common divisor of i and a.
3
Suppose 11 + 7 = 3*d. Suppose -z = -4*l + 21, z - 3 = -2*l - 0*l. Let q(b) = 3*b**2 + 5*b - 2. Let n be q(z). Calculate the greatest common divisor of d and n.
6
Let l = 118 + -3. Calculate the highest common divisor of 23 and l.
23
Suppose 4*h - 3*z + 0*z - 19 = 0, -h + 2*z = -11. What is the highest common factor of 9 and h?
1
Let x be 4/(-2) - -1*8. Calculate the greatest common divisor of 66 and x.
6
Let j be 21/7 - (-7 - -6). Suppose -5*g = -178 + 18. What is the greatest common factor of g and j?
4
Let d be 11/((-1)/(2 + -3)). Suppose 0 = 4*y + 5*j - 24, 3*y + j - 17 = -3*j. What is the greatest common factor of y and d?
11
Suppose -h = -0*h - 16. What is the highest common factor of h and 40?
8
Suppose 10*o + 1 - 21 = 0. What is the greatest common factor of o and 16?
2
Let u = -7 - -13. Calculate the greatest common divisor of 66 and u.
6
Suppose -303 = -4*a + 797. Calculate the highest common factor of 25 and a.
25
Let w(d) = 6*d - 4. Let z be w(3). What is the greatest common divisor of z and 84?
14
Suppose 5*f + 3*v = 8*v + 165, -3*f - 2*v = -84. Let b = 244 + -232. What is the highest common divisor of f and b?
6
Let z = 36 - 23. Let y be 8/20 - 384/(-15). What is the highest common divisor of y and z?
13
Let z(w) = 2*w - 3. Let u be z(3). Let a be 9/12 + 2/8. Let c be u + (a/1 - 1). Calculate the greatest common divisor of 1 and c.
1
Suppose 5 = 5*y - 20. Suppose 2*k + 87 = 4*k + 3*o, 3*o = 2*k - 93. What is the greatest common